ose -17*p + 24 = -10. Let s = p - -133. What are the prime factors of s?
3, 5
Let v be ((-6)/5)/((-21)/140). Suppose 0 = -b + 2*b - v. What are the prime factors of b?
2
Let i be (9/6)/((-6)/(-8)). Suppose 0 = d - 0*d - i. Suppose -d*w = 2*w - 132. What are the prime factors of w?
3, 11
Let l be 1/(1/10)*92/10. Suppose -5*p - l = -s, -2*s - p + 206 = -0*p. What are the prime factors of s?
2, 3, 17
Suppose -4*f + 25 = 73. Let s be 1*-3*8/f. Suppose s*n - 72 = -0*n. What are the prime factors of n?
2, 3
Let g be -14 - (25/(-5) - -4). Let o = -3 - g. List the prime factors of o.
2, 5
Suppose 2*n = 4*f - 1243 + 289, 15 = 3*n. What are the prime factors of f?
241
Let q(f) = -7*f + 7. Let m be q(-7). Suppose -j - 3*b + 18 = 0, b = 4*j + 16 - 49. Suppose j*z - 5*z = m. What are the prime factors of z?
2, 7
Suppose 4*f - m = 1904, -21*m = -2*f - 23*m + 952. List the prime factors of f.
2, 7, 17
Let x be 138/(-24) - (-3)/4. What are the prime factors of 1*(-5)/(x/186)?
2, 3, 31
Let z = 38 - 35. Let d(n) = 18*n**2 + 6*n - 16. What are the prime factors of d(z)?
2, 41
Suppose -4*v + 28 = 4*u, 22 = -v + 2*v + 4*u. List the prime factors of (v/2 - -4)*(-52)/(-5).
2, 13
Suppose -4*b - 2380 = -3*x, -2*x + 14*b = 16*b - 1610. What are the prime factors of x?
2, 5
Suppose 0 = 4*x + 4*k - 2*k - 524, -3*x = k - 394. Suppose c = 3*c + x. Let v = -37 - c. List the prime factors of v.
29
Let c be 4/(-24)*-9 + 6/(-4). Suppose c = -4*m + 22*m - 1512. List the prime factors of m.
2, 3, 7
Let m(i) = 65*i - 825. What are the prime factors of m(60)?
3, 5, 41
Suppose -2*p - 2*n + 167 = -p, 4*n + 173 = p. List the prime factors of p.
13
Let a = -3 + -6. Let w = -13 - a. List the prime factors of (3/w)/((-9)/540).
3, 5
Suppose 2*a - 26 = 30. List the prime factors of 219/12 + (-7)/a.
2, 3
Suppose 170 = r + u - 132, 4*r - 1232 = 2*u. List the prime factors of r.
2, 3, 17
Let h(v) = -4*v**3 - 5*v**2 - 7*v - 9. List the prime factors of h(-3).
3, 5
Let v(q) be the first derivative of -5*q**4/4 - 4*q**3/3 + q**2 + 3*q - 1. List the prime factors of v(-3).
2, 3
Suppose 6 = 5*y - 3*a, 2*y - a - 7 = -5. Let t be (-9)/(-3) - (-2 - -1). Suppose y*c = t*c - 28. What are the prime factors of c?
7
Let i(c) be the first derivative of c**4/24 - c**3/3 + 3*c**2 + 2. Let d(y) be the second derivative of i(y). List the prime factors of d(12).
2, 5
Suppose -727*f + 18656 = -716*f. List the prime factors of f.
2, 53
Let t(l) = 78*l**2 + 66*l + 13. List the prime factors of t(-6).
5, 97
Suppose 4*m + 3 = -w, m + 4*w - w + 9 = 0. Let s be ((-35)/5 + 8)*48. Suppose a - 5*a + s = m. List the prime factors of a.
2, 3
Suppose -11*v + 0*v = -2761. Suppose 0 = -q - 0*q + v. List the prime factors of q.
251
Let y(d) = -d**3 - d**2 + d + 123. Suppose -i = -2*s, 2*i = -5*s + 3*i. List the prime factors of y(s).
3, 41
Suppose -9*o - 672 = -15*o. Let w = -73 + o. List the prime factors of w.
3, 13
Let w be 56/32 - (-2 + 14/8). List the prime factors of w + 122/8 + (-3)/12.
17
Let x(i) = -20*i**2 - 32*i - 26. Let q(a) = -7*a**2 - 11*a - 9. Let w(k) = -14*q(k) + 5*x(k). Let j be w(-3). List the prime factors of 2890/45 - j/(-18).
2
Suppose -2*k = -y + 92, -k = 3*y + 3*k - 296. Let s = y + -26. What are the prime factors of s?
2, 5, 7
Let k(y) = y**2 - 15*y + 5. Let i be k(10). Let a be (-9)/(-5) + (-9)/i. What are the prime factors of (a/4)/((-6)/(-528))?
2, 11
Suppose -1061 - 1279 = -3*l. List the prime factors of l.
2, 3, 5, 13
Let u = 2784 - 979. What are the prime factors of u?
5, 19
Let d(i) = 60*i - 18*i + 3 - 2 - 11. What are the prime factors of d(4)?
2, 79
Let h = 235 - -835. List the prime factors of h.
2, 5, 107
Let u(o) be the first derivative of 31*o**3/3 + 2. Let x be u(-1). Let p = -15 + x. List the prime factors of p.
2
Suppose -m = -3*q - 926, -1203 = -2*m + 3*q + 652. What are the prime factors of m?
929
Let p = -162 - -154. List the prime factors of p/((-483)/120 - -4).
2, 5
Suppose -40*b = -231017 + 20937. What are the prime factors of b?
2, 13, 101
Let n(i) = 24*i**2 - 13 - 21*i**2 - 3 + 16*i. What are the prime factors of n(-12)?
2, 7
Suppose 5*h + 4*q = -54, -3*h = 3*q - 4*q + 46. Let s be (-4)/h - (-96)/56. Suppose -2*m + 22 = -s*b, 4*m = m + 4*b + 31. What are the prime factors of m?
13
Suppose -92*y = -94*y + 834. List the prime factors of y.
3, 139
Let f(m) be the third derivative of -m**4/6 - 5*m**3/6 - 2*m**2. Let d be f(-7). Suppose 2*h + d - 63 = 0. List the prime factors of h.
2, 5
Suppose 0 = 2*m + 2*c - 40, -11 = -m - 2*c + 5. List the prime factors of 188 + (-9)/(-3) + m/(-6).
11, 17
Let h = 712 - 59. What are the prime factors of h?
653
Let u(j) = 23 + 16 - 3*j + 23 - 12. What are the prime factors of u(-15)?
5, 19
What are the prime factors of (14/3)/((28/318)/14)?
2, 7, 53
Let f(t) = -t**2 - 8*t - 1. Let g be f(-7). Suppose -3*h + g*h = -39. Let c(z) = z**2 + 10*z - 10. List the prime factors of c(h).
29
Suppose -3*k - 12 = 150. List the prime factors of (k/(-45))/(3/25).
2, 5
Let u(z) be the third derivative of z**4/6 + 7*z**3/6 - 8*z**2. Let i be u(5). Let r = -1 + i. List the prime factors of r.
2, 13
Let l = 13 + -13. Suppose 3*s = -2*b + 25, 3*b + b - 3*s - 95 = l. Suppose -o + b = 4*t, -5*o + 0 = -t + 5. What are the prime factors of t?
5
Let h = 6867 + -3581. What are the prime factors of h?
2, 31, 53
Let j(x) be the first derivative of x**4/2 + 14*x**3/3 + 7*x**2/2 + 2*x - 40. List the prime factors of j(-6).
2
Suppose -89 = -o + 3*q, -2*o + 7*o - 390 = 4*q. List the prime factors of o.
2, 37
Suppose 0 = s + 4*s + 50. Let f = s + 15. Suppose -2 = -w + f*w - 5*v, -3*w + 10 = 2*v. List the prime factors of w.
2
Suppose 0 = -5*n + 24 - 4. Suppose -h - h + 2*u - 12 = 0, -5*u - 24 = n*h. List the prime factors of 59/5 - h/30.
2, 3
Let c(w) = -w + 4. Let m be c(4). Suppose 4*q - 300 = 2*f, 2*q - 4*f - 148 + 4 = m. List the prime factors of q.
2, 19
Let i(f) = -2*f**3 - 3*f**2 - 3*f + 2. Suppose 3*n = -3*v + 7*n + 7, 4 = 2*v - 2*n. Suppose v - 4 = x. What are the prime factors of i(x)?
2, 19
Let c(m) = -m - 6. Let l be c(-2). Let o(i) = 3*i**2 + 4*i - 8. What are the prime factors of o(l)?
2, 3
List the prime factors of 1926/14 - 6/(-14).
2, 3, 23
Suppose 3*g - 2*c = 356, g - 2*c - 2*c - 112 = 0. Let u = 236 - g. Suppose -4*n + u = -16. What are the prime factors of n?
3, 11
Let s = 3968 + -1465. List the prime factors of s.
2503
Let v(h) = 9*h + 31. Let u be v(9). Let s = u - -14. List the prime factors of s.
2, 3, 7
Suppose -3*u = -7*u + 112. Suppose g - 3*g + 2*v = -u, -g + 3*v = -10. List the prime factors of g.
2
Let q be (-27)/(-15) + (-2)/(-10). Let h(l) = 2*l + 22. Let a be h(-11). Suppose k = q*b - 38, 5*k + a*k + 37 = b. What are the prime factors of b?
17
Suppose 0 = 4*b - 554 + 3290. What are the prime factors of b/(-14) + 2/14?
7
Let a = 683 + -279. List the prime factors of a.
2, 101
Suppose -2*d + 3*u = -2439, -6135 = -3*d - 2*d - 5*u. Suppose t - 3*t - d = 0. List the prime factors of t/(-20) + 2/5.
31
Let a be (-1038)/(-18) - (32/12 - 2). Suppose w + 4*w = -75. Let v = a + w. What are the prime factors of v?
2, 3, 7
Suppose -14*n = -7*n - 161. List the prime factors of n.
23
Let t = 495 - 241. List the prime factors of t.
2, 127
Let f = -1409 - -1998. What are the prime factors of f?
19, 31
Let u be 1/3 + (-128)/(-12). Let i(f) = 7*f. Let j(w) = -20*w. Let y(p) = u*i(p) + 4*j(p). List the prime factors of y(-8).
2, 3
Suppose 10*i = -28*i + 47652. List the prime factors of i.
2, 3, 11, 19
Let c(t) = -4*t**3 + 2*t**2 + 4*t + 2. Let q be c(-1). Suppose r - 3 = -6, -408 = -4*b - q*r. List the prime factors of b.
3, 5, 7
Suppose -3*l + 2819 = r, -7*r + 5*r = 8. What are the prime factors of l?
941
Let i = -584 - -678. List the prime factors of i.
2, 47
Let z = -459 + 87. What are the prime factors of z/(-10) - 32/(-40)?
2, 19
Let z(u) = u**2 - 9*u + 15. Let r be z(9). Let f be 1/2 + (-71)/(-2). Suppose f = i - r. List the prime factors of i.
3, 17
What are the prime factors of (-4)/34 - 3136968/(-799)?
2, 13, 151
Suppose 465 = 5*n - 2700. What are the prime factors of n?
3, 211
Let y(x) = 3*x + 7. Let m = -10 - -10. Suppose p - 13 = -3*r, 2*r + 2*p = -m*p + 2. List the prime factors of y(r).
5
Let r(n) = 24*n**2 + 12*n - 21. What are the prime factors 